ns digit of v?
4
What is the hundreds digit of (-19 - (-333)/18)*(-20306 - -2)?
1
Let m(a) be the third derivative of a**6/120 - a**5/30 - a**4/3 - a**3/6 + 28*a**2. What is the units digit of m(6)?
5
Suppose 23*n - 22*n - 24 = 0. Let m be 22/(-26) + (-2 - n/(-13)). What is the tens digit of -3 + 47 + (-5 - m)?
4
Suppose o + 9*o = 330. Let n = o - 29. Suppose -v = q - 115, n*q + v = 4*v + 446. What is the hundreds digit of q?
1
Let x(b) = 13*b - 12. Let p(s) = -s**3 + 4*s**2 - s - 3. Let w be p(4). Let j be x(w). Let i = 266 + j. What is the tens digit of i?
6
Let g = -2273 - -8335. What is the tens digit of g?
6
Let w = -38 + 3017. What is the thousands digit of w?
2
Let b = 12945 + -9040. Let q = b - 2197. What is the units digit of q?
8
Let a(g) = 46*g - 48. Suppose -49 = -2*x + 5*i, 6*x + i = 8*x - 29. What is the tens digit of a(x)?
0
Let g(x) = -2*x**3 - 23*x**2 - 12*x + 15. Let q be g(-11). Suppose -4*n - 5*r + q = -5*n, -3*n = -4*r + 45. What is the units digit of 5/(-60)*-4 + n/(-3)?
4
Let z(g) = 5*g**2 - 3*g + 16. Let n be z(-6). Suppose t + 5*m = -108, -5*t - 5*m + n - 734 = 0. What is the tens digit of -6 + (2 - t) - (1 + 2)?
9
Let d(g) = 3*g**3 + 41*g**2 + 27*g + 18. Let l be d(-13). Suppose -4565 = -5*h - k, l*k = 2*h + 9*k - 1808. What is the tens digit of h?
1
Let j be 2118/(-18) + (-4)/12. Suppose 1230 = 5*u + 3*i, -u - 223 = -2*u + 4*i. Let c = j + u. What is the tens digit of c?
2
Let c = 12 + -8. Suppose -c*x - 50 + 666 = 0. Let m = -81 + x. What is the units digit of m?
3
Suppose 3*v = i - 2*i - 8, 8 = 3*i + v. Let n be (-76)/8*-8 + i. Suppose n = h - 55. What is the hundreds digit of h?
1
Suppose -5*f = 1711 - 481. Let z = f - -400. What is the tens digit of z?
5
Suppose 0 = 3*a - 6, 3*o - a + 2*a - 113594 = 0. What is the thousands digit of o?
7
Let a be (-56)/(-10) + 2 + 8/(-5). Let o(c) = -c**2 + 5*c + 8. Let z be o(a). Let d(i) = 15*i**2 + 13*i - 1. What is the tens digit of d(z)?
8
Let a be 3/7 - 780/(-140). Suppose 4 - 16 = -a*m. Suppose m*o - 249 = -31. What is the hundreds digit of o?
1
Suppose -2*u = -4*m + 7762, 24*m + 5*u + 9710 = 29*m. What is the tens digit of m?
3
Let d be (-8 + 18)/(-1 - -3). Suppose d*i - 15 = i + 5*a, -10 = -3*i + 4*a. What is the tens digit of 2/15*11*i*6?
8
Let w = -19820 - -30128. What is the thousands digit of w?
0
Let y = -523 - -589. What is the units digit of y?
6
Suppose -851003 = -102*k + 626407 + 242004. What is the hundreds digit of k?
8
What is the hundreds digit of (-1 + 1 - (-53582)/4)*(-9 + 11)?
7
Let t be (-12 + (-7 - -4))*-13. Suppose t = -7*z - 484. Let d = -55 - z. What is the tens digit of d?
4
Let b(o) = 16*o**2 - 5 + 18*o**2 + 2*o + 10*o**2. Let f be b(-3). Let y = f - 130. What is the units digit of y?
5
Suppose -13*u + 16*u = -2*q + 124561, u = -q + 41519. What is the units digit of u?
3
What is the thousands digit of (-930)/(-40) - 22 - 36559/(-4)?
9
Suppose -12*t + 30 = -6*t. Let o(l) = -l**3 - l**2 + 14*l - 9. Let f be o(t). Let p = f + 168. What is the units digit of p?
9
Let d(k) = 20 + 6 - 1 + 15*k + 27. What is the hundreds digit of d(15)?
2
Let j = 9843 + -2554. What is the units digit of j?
9
Suppose 0 = -3*n - 3*n + 210. Suppose 5*l + 15 = -n. Let g(r) = -r**2 - 11*r + 14. What is the tens digit of g(l)?
2
Let h be ((-189)/18)/(2/12)*-2. Let a = h - -264. What is the units digit of a?
0
Let r = -166 - -441. Suppose -i + r = -632. What is the tens digit of i?
0
Let w(p) = -p**3 - 10*p**2 + 8*p - 5. Let a(x) = x - 19. Let c be a(8). Let j be w(c). Suppose 4*o - j = 3*o. What is the tens digit of o?
2
Let z be 1/(133/21 - 6). What is the tens digit of (-22)/((55/2)/11 - z)?
4
Let y(q) be the first derivative of 26 - 5/2*q**2 + 31/3*q**3 - q**4 + 3*q. What is the units digit of y(7)?
5
Let t(l) = -8*l**3 + 2*l**2 - 4*l + 2. Let w be t(1). Let c(h) = -h**2 + 6*h - 7. Let m be c(11). What is the tens digit of (m/4)/((9 - 7)/w)?
6
Suppose 4*l - 3 = -l - b, 3*b - 9 = l. Suppose l = -35*a + 25291 - 2611. What is the hundreds digit of a?
6
Let o(q) = -2*q**2 - 9*q + 16. Let g be o(-8). Let n = 46 + g. Suppose -3*c = -n*c + 4*w + 329, -3*w = -c + 113. What is the hundreds digit of c?
1
Suppose -699 = -3*s + 8*b, 210 = 5*s - b - 881. What is the units digit of s?
7
What is the tens digit of ((-4)/14)/((-2813544)/216426 - -13)?
0
Let c(i) = 2*i**3 + 7*i**2 + 17*i + 27. Let a be 5 + 20/((-4)/2) + 12. What is the units digit of c(a)?
5
Let v = 2 - 3. Let q(s) = 19*s**3 - s**2 + 0*s**2 - 29*s**3. What is the units digit of q(v)?
9
Let h(g) = g - 14 - 2 - 7 + 0. Let x be h(26). Suppose 3 = -s, -5*c - x*s = -c - 799. What is the hundreds digit of c?
2
Suppose 335 = 3*a + 2*a. Let b = 176 + -172. Suppose 0 = -b*y + a + 245. What is the units digit of y?
8
Let t(c) = -41*c**3 - 25*c**2 + 9*c - 8. What is the units digit of t(-5)?
7
Let y(s) = 2*s**3 + 31*s**2 + 16*s + 19. Let x be y(-15). Suppose -4*l = 2*a - 832, 622 = -x*a - l + 2293. What is the hundreds digit of a?
4
Let z be 1/((-16)/210 - 6/(-42)). Suppose z*d = 18788 - 6233. What is the tens digit of d?
3
Let v(m) = -4*m**3 + 40*m**2 + 11*m - 526. What is the tens digit of v(-20)?
5
Let j(f) = 241*f**2 + 2*f - 24. What is the hundreds digit of j(-6)?
6
Suppose h - 9533 = 199*g - 194*g, -19090 = -2*h + 4*g. What is the thousands digit of h?
9
What is the thousands digit of (107 - 99) + (3 + 6912)/3?
2
Let h(c) = 6*c**2 - 4*c**2 - 2*c - c**2 + 15 + 8*c. Let r(y) = 22*y + 146. Let d be r(-7). What is the units digit of h(d)?
1
Suppose 0 = 300*s - 308*s + 48. What is the hundreds digit of 5180/s - (-50)/(-150)?
8
Let l(a) = -a**2 + 8*a + 5. Let z be l(10). Let j be 50/z*9/(-6). Let w(o) = 6*o**2 - 14*o + 21. What is the tens digit of w(j)?
0
Let b = -36 + 39. Suppose 3*w - b = 4*n, 5*n + 5*w - w - 35 = 0. Suppose -n*o + 152 = -280. What is the tens digit of o?
4
Suppose 0 = -10*x + 11*x + 3*z - 3385, -5*x + 5*z + 16985 = 0. Let n = -2238 + x. What is the hundreds digit of n?
1
Let a be 80/(-4)*(2 - 24/10). Suppose -3*c = a*c - 198. Let y = 42 - c. What is the units digit of y?
4
Suppose 268*g - 272*g = -16, -2*g = o - 7289. What is the hundreds digit of o?
2
Suppose -5*s + 732 = 4*f, -25*s = -5*f - 28*s + 928. Let k = f - -379. What is the units digit of k?
7
Let f(b) = b**2 + 5*b + 3. Let v be f(-5). Let m(a) be the first derivative of 10*a**3/3 + 5*a**2/2 - 5*a - 1666. What is the hundreds digit of m(v)?
1
Let u = 17759 + -12681. What is the thousands digit of u?
5
Suppose -40*k - n = -39*k - 17482, 5*k - 87408 = -4*n. What is the thousands digit of k?
7
Suppose s = 5*k + 53 + 382, -5*s - 5*k = -2265. Suppose -455*t + s*t + 3215 = 0. What is the hundreds digit of t?
6
Suppose n = -2*y - 3*n + 3544, 0 = y + 5*n - 1784. Suppose 0 = -2*u - 5*u + y. What is the units digit of u?
2
What is the hundreds digit of (1 - -11)*(-19730)/(-4) + (107 - 103)?
1
Let b be ((-10)/(-4))/(-5) - (-34972)/56. Suppose 1560 = 5*w - 0*w - 5*u, -2*w + b = -u. What is the hundreds digit of w?
3
Let o(h) = -15*h + 15441. What is the ten thousands digit of o(0)?
1
Suppose -5*t - 3*q = -0*q - 288416, t - 57672 = 5*q. What is the hundreds digit of t?
6
Suppose 4*l = 3*j - 73, -3*j + l + 61 = -0*l. Suppose -7*f + 6*f = j. What is the tens digit of 1 + 3/3 + (1 - f)?
2
What is the hundreds digit of (-2 + (-6383)/4)*-4?
3
Let z(j) = 2*j**2 + 1. Suppose u - 4*u = 2*u. Let n be z(u). What is the tens digit of 0*(0 + -1)*n - -10?
1
Suppose -130*x - 8568 = -136*x. Suppose -4592 = -10*w + x. What is the hundreds digit of w?
6
What is the units digit of -6 - (-682528)/182 - 4/26?
4
Let p be (-8)/(-2*(-2)/(-56)). Suppose 4*h - 3*x + 809 - p = 0, h = 2*x - 178. Let m = h + 453. What is the units digit of m?
1
Let s be (0 - -3)/((-3)/(-22)). Let u(t) = t - 8*t + 47*t - t**2 - 7*t - 9*t + 27. What is the tens digit of u(s)?
7
What is the thousands digit of (-51)/9*(625806/(-378) - 6/14)?
9
Suppose -12*r = r - 6838. Suppose 10*b - 1906 = -r. What is the tens digit of b?
3
Let r(j) = j**3 + 70*j**2 + 331*j + 208. What is the thousands digit of r(-64)?
3
Let f(n) = -27*n + 39. Let m(t) = 51*t - 76. Let a(p) = -5*f(p) - 3*m(p). What is the tens digit of a(-8)?
7
Let h(a) = -a**3 + 6*a**2 - 3*a - 8. Let z = -11 - -16. Let c be h(z). Suppose -c*g + 79 = -g. What i